5*v + 49 = 0, 2*v - 4*v - 56 = -4*c. Calculate the greatest common divisor of c and 52.
13
Suppose 6*g - 10*g = 0. Suppose 6*x = -g*x + 1248. Suppose -4*o - 12 = 0, -m - 6*o + 11 = -o. What is the greatest common divisor of m and x?
26
Let s(f) = -30*f - 6. Let t be s(-13). Suppose 0 = 5*n - n + 4*l - t, -192 = -2*n - 3*l. Calculate the greatest common divisor of n and 12.
12
Let f = -166 + 186. What is the greatest common divisor of 390 and f?
10
Let w(n) = -3*n. Let m(f) = -24*f + 3. Let h(i) = -3*m(i) + 15*w(i). Let y be h(3). What is the greatest common divisor of y and 108?
36
Let r = -51 - -147. Let v(q) = 10*q**2 - 3*q. Let a be v(2). Suppose 5*h - a = -2*d, 3*d - 40 = -h - 2. What is the greatest common factor of d and r?
12
Suppose 2*m + 0 = 6. Suppose 2*r + m*r = 10. Let l be (-668)/(-5010) + -1*(-86)/30. Calculate the greatest common divisor of l and r.
1
Let d(l) = -39*l**3 + l**2 - 1. Let m be d(-1). What is the highest common divisor of m and 78?
39
Let x(l) = -42*l + 68. Let g be x(1). What is the highest common factor of 650 and g?
26
Suppose 14 = 5*u + 9. Let x(n) = 2*n**3 + 3*n**2 - 2*n. Let w be x(u). What is the greatest common divisor of 1 and w?
1
Let n(i) = -4*i - 3. Suppose 2*u - 14 = 3*u + 3*j, 0 = 4*u + 2*j + 16. Let w be n(u). Calculate the highest common divisor of 25 and w.
5
Let c(m) = 81*m - 1. Let k be c(1). Suppose 0 = 4*p + p - 110. Suppose -5*n + 166 = 3*h, 4*h + p = n - h. What is the highest common divisor of n and k?
16
Let z be (-34)/3*(12/8 + -3). What is the highest common divisor of 85 and z?
17
Let i be 72/(-27)*156/(-16). Calculate the highest common divisor of i and 117.
13
Let u = -16 + 16. Suppose 3*j + 0*n + 4*n - 14 = u, 0 = -2*j + 4*n - 4. Suppose j*t + t - 60 = 0. Calculate the greatest common factor of 10 and t.
10
Let l(k) = k**2 - 2. Let r be l(4). Let n = -886 - -928. Calculate the greatest common divisor of r and n.
14
Let m be 1/(3*4/(-72)). Let g be -6*m/(-4)*-3. Suppose 5*n - 95 = -5*j, -3*j + j + 5*n + 31 = 0. Calculate the highest common factor of g and j.
9
Suppose 0 = -2*c - 5*h + 76, 0 = -4*c + 5*h - 4*h + 174. What is the greatest common factor of c and 43?
43
Let m be 7*(-4)/(4 + 0). Let c be 24/14 + -2 + (-86)/m. Calculate the highest common divisor of c and 8.
4
Let d = 49 - 30. Let c = d - 11. Calculate the greatest common factor of 4 and c.
4
Let r = 640 + -397. What is the highest common factor of 81 and r?
81
Suppose 6*f - 5*f = 3*j - 13, -4*j - 5*f + 49 = 0. What is the greatest common factor of 6 and j?
6
Let k be (-3)/6 + (-4863)/(-6). What is the greatest common factor of 30 and k?
30
Suppose 96 = -10*b + 14*b. Suppose -4*n - 5*k = -b, 18 = 5*n + 5*k - 17. What is the highest common factor of n and 33?
11
Suppose -330 = -57*x + 51*x. Suppose v - 5*m = -0*v + 26, 4*v + 5*m = 29. What is the highest common factor of v and x?
11
Let w be (2*4)/(8 + -6). Suppose 5*s - 6*r = -r + 30, -w*s = -5*r - 25. Suppose -2 + s = 3*i. What is the highest common factor of i and 2?
1
Let c be (-12 + 22/2)/((-2)/602). Calculate the greatest common factor of 7 and c.
7
Let d = 101 - -35. Calculate the greatest common divisor of 646 and d.
34
Let n be (3/(-2))/(2 - (-2364)/(-1176)). Suppose 115 = 5*v - 5*t, 0 = 8*t - 4*t + 8. What is the highest common divisor of n and v?
21
Suppose 14 = 2*y + 10. What is the highest common factor of 27 and y?
1
Let x = -10 - -1. Let c be (-1 + 0 + x)*405/(-54). What is the greatest common factor of c and 50?
25
Let n = 10 - 5. Let y be 7/3 - (-2)/3. Suppose 41 - 116 = -y*z. Calculate the greatest common divisor of n and z.
5
Suppose -4*c = -509 - 15. Let n(x) = -c*x + 1 + 5*x - 6 + 1. Let l be n(-2). What is the greatest common divisor of 31 and l?
31
Let w be 2 + 0/2 - -2. Let k(s) = -s**2 + 4*s + 1. Let l be k(w). Let x(y) = -15*y + 322. Let f be x(21). Calculate the highest common factor of l and f.
1
Suppose -4*g + 5 = -3*g. Let o be (78/g)/((-9)/(-30)). Let x(r) = -12*r + 1. Let q be x(-1). Calculate the greatest common divisor of o and q.
13
Let o = -20 + 17. Let l(s) = -3*s + 1. Let h be l(o). Calculate the highest common factor of 80 and h.
10
Suppose -4*k = -471 - 273. Calculate the highest common divisor of 62 and k.
62
Let s be 2 - (-28)/(-5)*(-310)/124. What is the highest common factor of 38 and s?
2
Suppose -10 - 10 = -v - 3*n, -3*v + 40 = 4*n. Suppose -3*w + 20 = -4*p, 4 + 8 = -4*p + w. Let m = p + v. What is the highest common factor of 9 and m?
3
Let q(f) = -106*f - 214. Let b be q(-5). What is the greatest common divisor of b and 237?
79
Let b be (-6)/4*(-12)/9. Suppose 11 + 5 = b*t. Calculate the highest common factor of 4 and t.
4
Suppose g + 743 - 4 = 3*j, -j - 3*g = -263. Let v be (-8)/6*((-360)/16 + 6). Suppose 0 = 12*t - v - 350. Calculate the highest common factor of t and j.
31
Let y = -76 + 1316. What is the greatest common divisor of y and 40?
40
Suppose -4*r = -15 + 7. Suppose 4*v = r*x + 34, -7 - 8 = 3*x. What is the greatest common divisor of v and 24?
6
Suppose 21*l - 16*l = w + 549, -552 = -5*l - 2*w. What is the highest common divisor of l and 154?
22
Let a be (-2)/(-6) + 4/6. Let p be 2*14 + a + -2. Let r = 56 - 47. What is the highest common divisor of p and r?
9
Let f = 3849 + -1840. Calculate the greatest common divisor of 98 and f.
49
Suppose -5*i = -3*l - 5 + 20, -l = 2*i - 5. Suppose n - 80 - 121 = -5*a, 2*a - 2*n = 78. Suppose i*s + a = 5*s. Calculate the highest common divisor of 8 and s.
8
Let j be ((-17)/34)/((-2)/20). Suppose -3*u = -j*t - 44, 4*u - 2*t = -4*t + 102. What is the highest common divisor of u and 161?
23
Let h = 14 + -5. Suppose -3*y + 4*r = -h, -3*y = -5*r - 11 + 2. Suppose -y*o - 1080 = -8*o. Calculate the highest common factor of o and 24.
24
Suppose -17 - 39 = -4*i. Let y = 64 - i. What is the greatest common factor of y and 150?
50
Let x be ((-30)/(-8))/(3/12) - -3. Let r be 95 - -3*(-24)/x. Calculate the greatest common factor of r and 14.
7
Let o = -30 + 34. Suppose -2*f + 0*u + 188 = -u, -5*f + 496 = o*u. What is the greatest common divisor of 12 and f?
12
Suppose 0 = -8*p + p - 189. Let v be (-2)/3 + (-1530)/p. What is the greatest common divisor of v and 7?
7
Let f(g) be the second derivative of g**4/2 + g**2 - g. Let w be f(3). Suppose 532*c = 556*c - 672. What is the highest common divisor of c and w?
28
Let f be (-406)/87*13/((-182)/60). Suppose -k + 29 + 1 = 0. What is the highest common factor of k and f?
10
Suppose 3*p - 4*j = 2, -3*p + 34 = -2*j + 6*j. Let c(b) = 11*b + 24. Let a be c(p). What is the highest common factor of 10 and a?
10
Suppose 4*d = -41 - 95. Let o = d - -104. Suppose -y = -6*y + 70. What is the highest common divisor of o and y?
14
Let q(c) be the third derivative of -c**5/60 + 2*c**3/3 + 5*c**2. Let n be q(0). Calculate the greatest common divisor of n and 32.
4
Let z be (1 - -3 - 4) + 4. Suppose -3*a = -1 + 10, z*t - a = 3. Suppose 4*q - 5*r = -t*q, -2*q - 5*r = -30. What is the highest common factor of q and 55?
5
Let r(m) be the first derivative of -5/2*m**2 + 3*m + 4. Let l be r(-5). What is the greatest common divisor of l and 7?
7
Let l be 2 - (-3)/(-1)*-1. Suppose -15*t + 300 = -l*t. Calculate the greatest common factor of 15 and t.
15
Let h = 3138 - 3130. What is the greatest common divisor of h and 388?
4
Let u be (-2*1 - -59) + -1. Let p be (-1 - -18) + 7 + 8/2. What is the highest common factor of u and p?
28
Let r = -339 + 367. Calculate the greatest common factor of 252 and r.
28
Let y(v) = v + 99. Let k be y(0). Suppose 0 = 4*s + 5*f - 11, 5*s - 29 = 5*f + 41. What is the highest common divisor of s and k?
9
Suppose 5*c + 15 = 0, -5*c = 4*v - c - 4. Let d = -15 - -32. Suppose -v*i + 3 + d = 0, -65 = -5*y - 4*i. What is the highest common factor of 9 and y?
9
Let o be 3/(-2*(-3)/(-234)). Let x be 2*(-4 + 3) - o. Let j = x + -50. What is the highest common divisor of 13 and j?
13
Suppose 1653 = 3*c - 4*f, 13*c - 14*c = 3*f - 564. What is the greatest common divisor of c and 15?
15
Let m = 123 - 112. What is the greatest common divisor of 143 and m?
11
Suppose 10*r = 210 + 30. Let q(p) = 3*p + 18. Let h(k) = -2*k - 12. Let v(t) = 7*h(t) + 5*q(t). Let u be v(0). Calculate the highest common divisor of u and r.
6
Let x(g) = 2*g**2 - 8*g + 6. Let 